- 140. Let r = -68 - i. Calculate the greatest common factor of 12 and r.
12
Suppose -15 = -3*b + 15. Let i be (3 - -108 - -3) + (17 - 11). What is the greatest common divisor of b and i?
10
Let w(f) be the second derivative of -7*f**5/5 - f**4/6 - 2*f**3/3 - f**2 + 27*f. Let v be w(-1). What is the highest common divisor of 140 and v?
28
Let b be 4/(-18) + (-560)/(-90). Suppose -5*q + b*a = 2*a - 46, -3*q + 3*a + 30 = 0. What is the highest common factor of 2 and q?
2
Let g = 16 + -14. Let d be 168/7 - (1 + g). Let w = 35 - d. What is the highest common factor of 21 and w?
7
Let s be 93256/280 - (-4)/(-70). What is the greatest common factor of s and 37?
37
Suppose 43*n + 98 = 48*n - 4*u, -84 = -5*n - 3*u. What is the highest common factor of n and 372?
6
Suppose -225 = -8*j + 111. Suppose -4*i = -w - 421, -4*i = -i - 2*w - 317. What is the highest common divisor of i and j?
21
Suppose -3*o + c - 389 = 0, -5*c + 9*c + 121 = -o. Let d = o + 209. Calculate the greatest common factor of 10 and d.
10
Let b = 372 - 367. What is the greatest common divisor of 2 and b?
1
Let r = -17 - -13. Let p(j) = j**2 + 4*j + 3. Let g be p(r). Suppose -3*v + g*t + 9 = 0, -v - 2*t + 33 = 3*t. Calculate the highest common divisor of v and 12.
4
Let q = -1897 + 1907. Let y(z) = -8*z + 2. Suppose -17 - 13 = 5*r. Let b be y(r). Calculate the greatest common factor of b and q.
10
Let g be 1/7 + 2232/252. Suppose 10 = -4*n + 34. Calculate the highest common divisor of g and n.
3
Suppose 1390 = -3*v + 1600. Calculate the highest common divisor of v and 56.
14
Suppose x + 234 = 3*u - 222, 0 = 4*u + x - 615. Let i = u - 101. Suppose 0*v + v + 64 = 5*m, 2*m - 4*v - 22 = 0. What is the highest common factor of m and i?
13
Let z be (-146674)/(-286) - (-4)/26. What is the highest common divisor of 81 and z?
27
Let y be (-82 - -426) + -3*-2*1. What is the highest common divisor of y and 280?
70
Let j = -136 - -55. Let q be (-7 + 11 - 94)*3/(-2). Let y = q + j. Calculate the greatest common factor of y and 6.
6
Let w be 53*3 - (13 - 16). Calculate the greatest common divisor of w and 54.
54
Let i = 768 + -668. Let a be 0 + -1*(-5 - -1). Let o be (-150)/a*4/(-6). What is the greatest common factor of o and i?
25
Let r = -8 + 14. Suppose -11*z + 320 = -r*z. Calculate the greatest common factor of 8 and z.
8
Let r = 13 - 16. Let i(s) = -11*s**3 + 3*s - 2. Let m be i(r). Calculate the highest common factor of m and 26.
26
Let s be (20/25)/(68/1190). Calculate the greatest common divisor of s and 5572.
14
Let j(p) = -5*p - 47. Let i be j(-12). Suppose i*a = 18*a - 30. Calculate the greatest common factor of 42 and a.
6
Suppose -17*n - 3 = -241. What is the highest common divisor of n and 238?
14
Let v be 3/(9/6) + 118. Suppose 2*y = y - v. Let s be (28/5)/((-16)/y). Calculate the greatest common divisor of 14 and s.
14
Let i(q) = q**2 + 4*q - 5. Let v be i(4). Suppose -2*o + 47 = -a, 4*o = a + 68 + v. Calculate the highest common divisor of 120 and o.
24
Let j(y) = y**3 - 25*y**2 - 19*y - 77. Let q be j(26). What is the greatest common divisor of q and 168?
21
Let z be ((-14)/10)/(4 + (-273)/65). What is the highest common factor of 1057 and z?
7
Let w = -156 - -171. Calculate the greatest common divisor of 15 and w.
15
Let s = -5 - -52. Let q = s - 35. Suppose -13 = 5*g - 73. Calculate the highest common divisor of q and g.
12
Suppose -4*i + 406 = 150. What is the highest common divisor of i and 4?
4
Let w(p) = -p**3 + 6*p**2 - 8*p + 4. Let k be w(4). Calculate the greatest common factor of 17 and k.
1
Let w(n) = -n**3 + 2*n**2 - 2. Let v be w(2). Let r be (-84)/30*5/v. What is the highest common divisor of r and 56?
7
Let f = -274 - -287. Calculate the highest common factor of 52 and f.
13
Suppose -a = 4, 4*c - a - 136 + 28 = 0. Suppose 2*y + 6 = y + 5*z, 2 = -3*y - z. Let u = y - -14. Calculate the greatest common factor of c and u.
13
Let g be 1/11 + 17775/495. What is the highest common factor of g and 306?
18
Let g = 273 - 125. Suppose 9*u + 1067 = 1400. What is the greatest common divisor of g and u?
37
Let v = 189 - 181. What is the highest common factor of 344 and v?
8
Let d(v) = -v**2 + v - 2. Let m be d(2). Let h be (-722)/(-6) + m/(-6). Let k be 72/(-126) + 4/28*81. What is the highest common factor of h and k?
11
Suppose 4439 = 13*a - 475. What is the greatest common divisor of a and 14?
14
Let v(k) = 326*k - 4. Let a be v(-1). Let t be (3 - 0)*a/(-9). What is the greatest common divisor of 10 and t?
10
Suppose -626 = -5*n - 0*n - 2*i, -622 = -5*n - 4*i. Let f = n - 46. What is the greatest common divisor of 10 and f?
10
Let y = 155 + -20. What is the greatest common divisor of 15 and y?
15
Let j = 1318 - 1252. Calculate the highest common divisor of j and 2.
2
Suppose -4*f + 216 = 136. Calculate the highest common divisor of 15 and f.
5
Let t = 242 + -179. What is the greatest common factor of t and 288?
9
Let i(b) = 4 + 29*b - 49*b + 19*b. Let y be (-9)/(-2)*4/(-2). Let n be i(y). What is the greatest common factor of n and 13?
13
Let k be 15470/112 + (-4)/32. Calculate the greatest common factor of 92 and k.
46
Suppose -5 = 5*c - 0, 0 = 5*m - c - 11. Let i be ((-72)/30)/((-2)/25). Suppose -k = m*k - i. Calculate the greatest common factor of k and 110.
10
Let m(t) = -t**3 - 5*t**2 + 4*t + 15. Let y be m(-6). Calculate the greatest common divisor of y and 63.
9
Suppose -4*k + 2*o = 4*o - 36, 3*k + 5*o = 34. Let l be 31 + (-1)/(-2)*2. What is the highest common divisor of l and k?
8
Let x(r) be the first derivative of 9*r**4/4 + r**3 - 3*r**2/2 - 9*r + 14. Let n be x(-5). Let h = -615 - n. What is the greatest common divisor of h and 39?
39
Let n = 672 - -161. What is the greatest common divisor of n and 34?
17
Let g = 2855 + -2819. Calculate the highest common factor of 24 and g.
12
Let v be (-2)/(-4)*(3 - 3). Suppose 5*u + 25 = v, 2*x - 3*u = u + 52. Calculate the greatest common divisor of x and 2.
2
Suppose -3*m + 2*c + 2312 = 712, 1610 = 3*m - 4*c. Calculate the greatest common divisor of 10 and m.
10
Suppose -j - 4*j - 10 = 0. Let y be (-4)/j + 58*3. Suppose -103*l + 125*l - 17 = 335. What is the greatest common divisor of y and l?
16
Suppose -2*i - 2*u + 32 = 0, 2*i - 13*u - 20 = -9*u. Calculate the greatest common divisor of i and 44.
2
Suppose -3*w - 48*x + 115 = -52*x, -2*x = 3*w - 109. What is the greatest common divisor of w and 333?
37
Let f(z) = z**2 + 15*z + 17. Let p be f(5). Suppose -4*s = 2*w - 42, 0*s = s + 2*w - 3. Calculate the highest common factor of p and s.
13
Suppose 5*f + 4 - 9 = 0. Let q be (-1)/(0 - f)*4. Calculate the greatest common factor of q and 8.
4
Let k(f) = -172*f + 14. Let a be k(0). What is the highest common divisor of 259 and a?
7
Let h = -192 + 212. What is the greatest common divisor of 170 and h?
10
Suppose 1164 = m - w, -4*m + 3*m + 1164 = 2*w. Calculate the highest common factor of 12 and m.
12
Suppose -5*p = 45 - 155. Let q = p - 13. Suppose -12*r = -6*r - 594. Calculate the greatest common divisor of q and r.
9
Let u be (-26 + 25)/((-2)/58). Calculate the greatest common factor of u and 1189.
29
Let s(z) be the second derivative of -z**3/6 - z**2 + 2*z. Let f be s(12). Let j = f + 18. What is the greatest common divisor of j and 28?
4
Suppose 0 = -5*u - 5, -3*l - 5*u + 10 = -0*u. Suppose -7*w + 6 = -l*w. Suppose -j - 24 = -w*j. What is the highest common factor of 12 and j?
12
Suppose 4*a + z = 19, 0 = -5*a - 2*z + 3*z + 26. Suppose -3*l = 4*o - 240, -5*o + a*l = -o - 272. What is the greatest common divisor of o and 7?
7
Suppose q = -4*m + 112, 23*q - 21*q - m - 224 = 0. What is the greatest common factor of q and 21?
7
Let l(d) = 10*d + 30. Let k(g) = -11*g - 29. Let t(w) = 4*k(w) + 5*l(w). Let n be t(-5). What is the highest common divisor of 52 and n?
4
Let j(x) = 40*x**2 - 3*x + 3. Suppose 11 = 5*f + 3*s, 1 + 10 = f + 5*s. Let y be j(f). Calculate the highest common divisor of y and 16.
8
Let f = -175 + 252. Let x be (-8)/(-20) + -3*(-53)/15. Calculate the greatest common divisor of f and x.
11
Let z = 258 + -243. What is the greatest common divisor of 40 and z?
5
Let x be 0 - (-8)/(1/1). Suppose -f = -5 - 1. Let u be (-4)/4 + f/3. Calculate the greatest common divisor of x and u.
1
Let o be (-16 + 14)*3*16/(-6